{"id":563,"date":"2023-07-09T08:18:01","date_gmt":"2023-07-09T08:18:01","guid":{"rendered":"https:\/\/bachmannpascal.ch\/?page_id=563"},"modified":"2023-10-01T19:28:44","modified_gmt":"2023-10-01T19:28:44","slug":"faeaen-shop","status":"publish","type":"page","link":"https:\/\/bachmannpascal.ch\/?page_id=563","title":{"rendered":"F\u00c4\u00c4N- Shop"},"content":{"rendered":"\n<p>NEU ab 10.08.2023 ist das F\u00c4\u00c4N- Shirt f\u00fcr <strong>CHF 30<\/strong> <em>(exkl. Portokosten)<\/em> erh\u00e4ltlich. <\/p>\n\n\n<div class=\"wp-block-image\">\n<figure class=\"aligncenter size-large is-resized\"><img loading=\"lazy\" decoding=\"async\" src=\"https:\/\/bachmannpascal.ch\/wp-content\/uploads\/2023\/07\/Faeaen-Sthirt-1024x596.png\" alt=\"\" class=\"wp-image-564\" style=\"width:633px;height:367px\" width=\"633\" height=\"367\" srcset=\"https:\/\/bachmannpascal.ch\/wp-content\/uploads\/2023\/07\/Faeaen-Sthirt-1024x596.png 1024w, https:\/\/bachmannpascal.ch\/wp-content\/uploads\/2023\/07\/Faeaen-Sthirt-300x174.png 300w, https:\/\/bachmannpascal.ch\/wp-content\/uploads\/2023\/07\/Faeaen-Sthirt-768x447.png 768w, https:\/\/bachmannpascal.ch\/wp-content\/uploads\/2023\/07\/Faeaen-Sthirt.png 1372w\" sizes=\"auto, (max-width: 633px) 100vw, 633px\" \/><\/figure>\n<\/div>\n\n\n<p class=\"has-text-align-center\">Das Shirt gibt es in den Gr\u00f6\u00dfen S \/ M \/ L \/ XL \/ XXL<\/p>\n\n\n\n<p><\/p>\n\n\n\n<p>Bestellung an: <\/p>\n\n\n\n<p>kontakt@bachmannpascal.ch mit folgenden Angaben:<\/p>\n\n\n\n<ul class=\"wp-block-list\">\n<li>Mengen und Gr\u00f6\u00dfen der Shirts<\/li>\n\n\n\n<li>Lieferadresse <\/li>\n<\/ul>\n\n\n\n<p>Kann auch in Wila abgeholt werden, per Twint oder Bar bezahlt werden. <\/p>\n","protected":false},"excerpt":{"rendered":"<p>NEU ab 10.08.2023 ist das F\u00c4\u00c4N- Shirt f\u00fcr CHF 30 (exkl. Portokosten) erh\u00e4ltlich. Das Shirt gibt es in den Gr\u00f6\u00dfen S \/ M \/ L \/ XL \/ XXL Bestellung an: kontakt@bachmannpascal.ch mit folgenden Angaben: Kann auch in Wila abgeholt werden, per Twint oder Bar bezahlt werden.<\/p>\n","protected":false},"author":1,"featured_media":0,"parent":0,"menu_order":0,"comment_status":"closed","ping_status":"closed","template":"","meta":{"footnotes":""},"class_list":["post-563","page","type-page","status-publish","hentry"],"jetpack_sharing_enabled":true,"_links":{"self":[{"href":"https:\/\/bachmannpascal.ch\/index.php?rest_route=\/wp\/v2\/pages\/563","targetHints":{"allow":["GET"]}}],"collection":[{"href":"https:\/\/bachmannpascal.ch\/index.php?rest_route=\/wp\/v2\/pages"}],"about":[{"href":"https:\/\/bachmannpascal.ch\/index.php?rest_route=\/wp\/v2\/types\/page"}],"author":[{"embeddable":true,"href":"https:\/\/bachmannpascal.ch\/index.php?rest_route=\/wp\/v2\/users\/1"}],"replies":[{"embeddable":true,"href":"https:\/\/bachmannpascal.ch\/index.php?rest_route=%2Fwp%2Fv2%2Fcomments&post=563"}],"version-history":[{"count":2,"href":"https:\/\/bachmannpascal.ch\/index.php?rest_route=\/wp\/v2\/pages\/563\/revisions"}],"predecessor-version":[{"id":646,"href":"https:\/\/bachmannpascal.ch\/index.php?rest_route=\/wp\/v2\/pages\/563\/revisions\/646"}],"wp:attachment":[{"href":"https:\/\/bachmannpascal.ch\/index.php?rest_route=%2Fwp%2Fv2%2Fmedia&parent=563"}],"curies":[{"name":"wp","href":"https:\/\/api.w.org\/{rel}","templated":true}]}}