{"id":44,"date":"2022-09-11T17:06:53","date_gmt":"2022-09-11T17:06:53","guid":{"rendered":"https:\/\/bachmannpascal.ch\/?page_id=44"},"modified":"2026-01-10T07:29:16","modified_gmt":"2026-01-10T07:29:16","slug":"sponsoren","status":"publish","type":"page","link":"https:\/\/bachmannpascal.ch\/?page_id=44","title":{"rendered":"Unterst\u00fctzer, F\u00f6rderer &#038; Partner"},"content":{"rendered":"<div class=\"wp-block-image is-resized\">\n<figure class=\"aligncenter size-full\"><img loading=\"lazy\" decoding=\"async\" width=\"251\" height=\"250\" src=\"https:\/\/bachmannpascal.ch\/wp-content\/uploads\/2022\/10\/Icon_Sponsoring_blue.png\" alt=\"\" class=\"wp-image-423\" srcset=\"https:\/\/bachmannpascal.ch\/wp-content\/uploads\/2022\/10\/Icon_Sponsoring_blue.png 251w, https:\/\/bachmannpascal.ch\/wp-content\/uploads\/2022\/10\/Icon_Sponsoring_blue-150x150.png 150w\" sizes=\"auto, (max-width: 251px) 100vw, 251px\" \/><\/figure>\n<\/div>\n\n\n<h2 class=\"wp-block-heading has-text-align-center\">Europameister-Sponsor:<\/h2>\n\n\n<div class=\"wp-block-image\">\n<figure class=\"aligncenter size-full\"><img loading=\"lazy\" decoding=\"async\" width=\"377\" height=\"108\" src=\"https:\/\/bachmannpascal.ch\/wp-content\/uploads\/2023\/12\/Gemeinde-Wila-1.png\" alt=\"\" class=\"wp-image-657\" srcset=\"https:\/\/bachmannpascal.ch\/wp-content\/uploads\/2023\/12\/Gemeinde-Wila-1.png 377w, https:\/\/bachmannpascal.ch\/wp-content\/uploads\/2023\/12\/Gemeinde-Wila-1-300x86.png 300w\" sizes=\"auto, (max-width: 377px) 100vw, 377px\" \/><\/figure>\n<\/div>\n\n\n<div style=\"height:30px\" aria-hidden=\"true\" class=\"wp-block-spacer\"><\/div>\n\n\n\n<h2 class=\"wp-block-heading has-text-align-center\">Schweizermeister-Sponsor:<\/h2>\n\n\n<div class=\"wp-block-image is-resized\">\n<figure class=\"aligncenter size-large\"><a href=\"https:\/\/www.maler-baumann.ch\/\" target=\"_blank\" rel=\"noreferrer noopener\"><img loading=\"lazy\" decoding=\"async\" width=\"1024\" height=\"517\" src=\"https:\/\/bachmannpascal.ch\/wp-content\/uploads\/2023\/05\/Baumann_Stefan-1024x517.png\" alt=\"\" class=\"wp-image-493\" style=\"width:260px;height:auto\" srcset=\"https:\/\/bachmannpascal.ch\/wp-content\/uploads\/2023\/05\/Baumann_Stefan-1024x517.png 1024w, https:\/\/bachmannpascal.ch\/wp-content\/uploads\/2023\/05\/Baumann_Stefan-300x151.png 300w, https:\/\/bachmannpascal.ch\/wp-content\/uploads\/2023\/05\/Baumann_Stefan-768x388.png 768w, https:\/\/bachmannpascal.ch\/wp-content\/uploads\/2023\/05\/Baumann_Stefan.png 1292w\" sizes=\"auto, (max-width: 1024px) 100vw, 1024px\" \/><\/a><\/figure>\n<\/div>\n\n<div class=\"wp-block-image\">\n<figure class=\"aligncenter size-large is-resized\"><img loading=\"lazy\" decoding=\"async\" width=\"1024\" height=\"722\" src=\"https:\/\/bachmannpascal.ch\/wp-content\/uploads\/2023\/12\/Kull_Logo2D_2f_Adresse_ST-Kopie-1024x722.jpg\" alt=\"\" class=\"wp-image-659\" style=\"width:282px;height:auto\" srcset=\"https:\/\/bachmannpascal.ch\/wp-content\/uploads\/2023\/12\/Kull_Logo2D_2f_Adresse_ST-Kopie-1024x722.jpg 1024w, https:\/\/bachmannpascal.ch\/wp-content\/uploads\/2023\/12\/Kull_Logo2D_2f_Adresse_ST-Kopie-300x211.jpg 300w, https:\/\/bachmannpascal.ch\/wp-content\/uploads\/2023\/12\/Kull_Logo2D_2f_Adresse_ST-Kopie-768x541.jpg 768w, https:\/\/bachmannpascal.ch\/wp-content\/uploads\/2023\/12\/Kull_Logo2D_2f_Adresse_ST-Kopie-1536x1083.jpg 1536w, https:\/\/bachmannpascal.ch\/wp-content\/uploads\/2023\/12\/Kull_Logo2D_2f_Adresse_ST-Kopie-2048x1444.jpg 2048w, https:\/\/bachmannpascal.ch\/wp-content\/uploads\/2023\/12\/Kull_Logo2D_2f_Adresse_ST-Kopie-1532x1080.jpg 1532w\" sizes=\"auto, (max-width: 1024px) 100vw, 1024px\" \/><\/figure>\n<\/div>\n\n<div class=\"wp-block-image\">\n<figure class=\"aligncenter size-full is-resized\"><img loading=\"lazy\" decoding=\"async\" width=\"1018\" height=\"1018\" src=\"https:\/\/bachmannpascal.ch\/wp-content\/uploads\/2023\/07\/ASM-SMV-LOGO.jpg\" alt=\"\" class=\"wp-image-573\" style=\"width:140px;height:auto\" srcset=\"https:\/\/bachmannpascal.ch\/wp-content\/uploads\/2023\/07\/ASM-SMV-LOGO.jpg 1018w, https:\/\/bachmannpascal.ch\/wp-content\/uploads\/2023\/07\/ASM-SMV-LOGO-300x300.jpg 300w, https:\/\/bachmannpascal.ch\/wp-content\/uploads\/2023\/07\/ASM-SMV-LOGO-150x150.jpg 150w, https:\/\/bachmannpascal.ch\/wp-content\/uploads\/2023\/07\/ASM-SMV-LOGO-768x768.jpg 768w\" sizes=\"auto, (max-width: 1018px) 100vw, 1018px\" \/><\/figure>\n<\/div>\n\n\n<div style=\"height:30px\" aria-hidden=\"true\" class=\"wp-block-spacer\"><\/div>\n\n\n\n<h2 class=\"wp-block-heading has-text-align-center\">Sponsoren und Supporter:<\/h2>\n\n\n<div class=\"wp-block-image is-resized\">\n<figure class=\"aligncenter size-full\"><img loading=\"lazy\" decoding=\"async\" width=\"715\" height=\"717\" src=\"https:\/\/bachmannpascal.ch\/wp-content\/uploads\/2023\/05\/GoeV_klein.png\" alt=\"\" class=\"wp-image-519\" style=\"width:141px;height:auto\" srcset=\"https:\/\/bachmannpascal.ch\/wp-content\/uploads\/2023\/05\/GoeV_klein.png 715w, https:\/\/bachmannpascal.ch\/wp-content\/uploads\/2023\/05\/GoeV_klein-300x300.png 300w, https:\/\/bachmannpascal.ch\/wp-content\/uploads\/2023\/05\/GoeV_klein-150x150.png 150w\" sizes=\"auto, (max-width: 715px) 100vw, 715px\" \/><\/figure>\n<\/div>\n\n\n<div style=\"height:25px\" aria-hidden=\"true\" class=\"wp-block-spacer\"><\/div>\n\n\n<div class=\"wp-block-image is-resized\">\n<figure class=\"aligncenter size-large\"><a href=\"https:\/\/www.facebook.com\/people\/M%C3%B6bel-M%C3%A4chler\/100063478304801\/?locale=de_DE\" target=\"_blank\" rel=\"noreferrer noopener\"><img loading=\"lazy\" decoding=\"async\" width=\"1024\" height=\"488\" src=\"https:\/\/bachmannpascal.ch\/wp-content\/uploads\/2023\/05\/Moebel_Maechler-1024x488.jpg\" alt=\"\" class=\"wp-image-509\" style=\"width:234px;height:auto\" srcset=\"https:\/\/bachmannpascal.ch\/wp-content\/uploads\/2023\/05\/Moebel_Maechler-1024x488.jpg 1024w, https:\/\/bachmannpascal.ch\/wp-content\/uploads\/2023\/05\/Moebel_Maechler-300x143.jpg 300w, https:\/\/bachmannpascal.ch\/wp-content\/uploads\/2023\/05\/Moebel_Maechler-768x366.jpg 768w, https:\/\/bachmannpascal.ch\/wp-content\/uploads\/2023\/05\/Moebel_Maechler-1536x732.jpg 1536w, https:\/\/bachmannpascal.ch\/wp-content\/uploads\/2023\/05\/Moebel_Maechler.jpg 1754w\" sizes=\"auto, (max-width: 1024px) 100vw, 1024px\" \/><\/a><\/figure>\n<\/div>\n\n\n<div style=\"height:25px\" aria-hidden=\"true\" class=\"wp-block-spacer\"><\/div>\n\n\n<div class=\"wp-block-image is-resized\">\n<figure class=\"aligncenter size-full\"><a href=\"https:\/\/www.berwertlandmaschinen.ch\/\"><img loading=\"lazy\" decoding=\"async\" width=\"538\" height=\"215\" src=\"https:\/\/bachmannpascal.ch\/wp-content\/uploads\/2023\/05\/Berwert.png\" alt=\"\" class=\"wp-image-516\" style=\"width:244px;height:auto\" srcset=\"https:\/\/bachmannpascal.ch\/wp-content\/uploads\/2023\/05\/Berwert.png 538w, https:\/\/bachmannpascal.ch\/wp-content\/uploads\/2023\/05\/Berwert-300x120.png 300w\" sizes=\"auto, (max-width: 538px) 100vw, 538px\" \/><\/a><\/figure>\n<\/div>\n\n\n<div style=\"height:25px\" aria-hidden=\"true\" class=\"wp-block-spacer\"><\/div>\n\n\n<div class=\"wp-block-image is-resized\">\n<figure class=\"aligncenter size-full\"><a href=\"https:\/\/freimontagen.ch\/\"><img loading=\"lazy\" decoding=\"async\" width=\"983\" height=\"302\" src=\"https:\/\/bachmannpascal.ch\/wp-content\/uploads\/2023\/05\/Dario-Frei.png\" alt=\"\" class=\"wp-image-517\" style=\"aspect-ratio:3.255025429886171;width:246px;height:auto\" srcset=\"https:\/\/bachmannpascal.ch\/wp-content\/uploads\/2023\/05\/Dario-Frei.png 983w, https:\/\/bachmannpascal.ch\/wp-content\/uploads\/2023\/05\/Dario-Frei-300x92.png 300w, https:\/\/bachmannpascal.ch\/wp-content\/uploads\/2023\/05\/Dario-Frei-768x236.png 768w\" sizes=\"auto, (max-width: 983px) 100vw, 983px\" \/><\/a><\/figure>\n<\/div>\n\n\n<div style=\"height:25px\" aria-hidden=\"true\" class=\"wp-block-spacer\"><\/div>\n\n\n<div class=\"wp-block-image is-resized\">\n<figure class=\"aligncenter size-full\"><a href=\"www.eggenberger-fotografie.ch\" target=\"_blank\" rel=\"noreferrer noopener\"><img loading=\"lazy\" decoding=\"async\" width=\"921\" height=\"627\" src=\"https:\/\/bachmannpascal.ch\/wp-content\/uploads\/2022\/10\/Screenshot-2022-10-06-215522-3.png\" alt=\"\" class=\"wp-image-326\" style=\"aspect-ratio:1.4689327285644025;width:246px;height:auto\" srcset=\"https:\/\/bachmannpascal.ch\/wp-content\/uploads\/2022\/10\/Screenshot-2022-10-06-215522-3.png 921w, https:\/\/bachmannpascal.ch\/wp-content\/uploads\/2022\/10\/Screenshot-2022-10-06-215522-3-300x204.png 300w, https:\/\/bachmannpascal.ch\/wp-content\/uploads\/2022\/10\/Screenshot-2022-10-06-215522-3-768x523.png 768w\" sizes=\"auto, (max-width: 921px) 100vw, 921px\" \/><\/a><\/figure>\n<\/div>\n\n\n<div style=\"height:25px\" aria-hidden=\"true\" class=\"wp-block-spacer\"><\/div>\n\n\n<div class=\"wp-block-image is-resized\">\n<figure class=\"aligncenter size-full\"><a href=\"http:\/\/www.agentur-nordstern.ch\" target=\"_blank\" rel=\"noreferrer noopener\"><img loading=\"lazy\" decoding=\"async\" width=\"1915\" height=\"489\" src=\"https:\/\/bachmannpascal.ch\/wp-content\/uploads\/2026\/01\/nordstern_agentur_werbung_marketing_logo.png\" alt=\"\" class=\"wp-image-858\" style=\"width:350px;height:auto\" srcset=\"https:\/\/bachmannpascal.ch\/wp-content\/uploads\/2026\/01\/nordstern_agentur_werbung_marketing_logo.png 1915w, https:\/\/bachmannpascal.ch\/wp-content\/uploads\/2026\/01\/nordstern_agentur_werbung_marketing_logo-300x77.png 300w, https:\/\/bachmannpascal.ch\/wp-content\/uploads\/2026\/01\/nordstern_agentur_werbung_marketing_logo-1024x261.png 1024w, https:\/\/bachmannpascal.ch\/wp-content\/uploads\/2026\/01\/nordstern_agentur_werbung_marketing_logo-768x196.png 768w, https:\/\/bachmannpascal.ch\/wp-content\/uploads\/2026\/01\/nordstern_agentur_werbung_marketing_logo-1536x392.png 1536w\" sizes=\"auto, (max-width: 1915px) 100vw, 1915px\" \/><\/a><\/figure>\n<\/div>\n\n\n<div style=\"height:25px\" aria-hidden=\"true\" class=\"wp-block-spacer\"><\/div>\n\n\n<div class=\"wp-block-image is-resized\">\n<figure class=\"aligncenter size-large\"><a href=\"www.johlertextil.ch\" target=\"_blank\" rel=\"noreferrer noopener\"><img loading=\"lazy\" decoding=\"async\" width=\"1024\" height=\"726\" src=\"https:\/\/bachmannpascal.ch\/wp-content\/uploads\/2023\/08\/Johler-Druck-1024x726.jpg\" alt=\"\" class=\"wp-image-583\" style=\"aspect-ratio:1.4105053261268825;width:222px;height:auto\" srcset=\"https:\/\/bachmannpascal.ch\/wp-content\/uploads\/2023\/08\/Johler-Druck-1024x726.jpg 1024w, https:\/\/bachmannpascal.ch\/wp-content\/uploads\/2023\/08\/Johler-Druck-300x213.jpg 300w, https:\/\/bachmannpascal.ch\/wp-content\/uploads\/2023\/08\/Johler-Druck-768x544.jpg 768w, https:\/\/bachmannpascal.ch\/wp-content\/uploads\/2023\/08\/Johler-Druck-1536x1088.jpg 1536w, https:\/\/bachmannpascal.ch\/wp-content\/uploads\/2023\/08\/Johler-Druck-2048x1451.jpg 2048w, https:\/\/bachmannpascal.ch\/wp-content\/uploads\/2023\/08\/Johler-Druck-1524x1080.jpg 1524w\" sizes=\"auto, (max-width: 1024px) 100vw, 1024px\" \/><\/a><\/figure>\n<\/div>\n\n\n<div style=\"height:30px\" aria-hidden=\"true\" class=\"wp-block-spacer\"><\/div>\n\n\n\n<h2 class=\"wp-block-heading has-text-align-center\">F\u00f6rderer:<\/h2>\n\n\n<div class=\"wp-block-image is-resized\">\n<figure class=\"aligncenter size-full\"><a href=\"https:\/\/www.bachmann-saegerei.ch\/\" target=\"_blank\" rel=\"noreferrer noopener\"><img loading=\"lazy\" decoding=\"async\" width=\"1015\" height=\"771\" src=\"https:\/\/bachmannpascal.ch\/wp-content\/uploads\/2022\/12\/Bachmann_Sagerei.jpg\" alt=\"\" class=\"wp-image-475\" style=\"aspect-ratio:1.3164854540111666;width:228px;height:auto\" srcset=\"https:\/\/bachmannpascal.ch\/wp-content\/uploads\/2022\/12\/Bachmann_Sagerei.jpg 1015w, https:\/\/bachmannpascal.ch\/wp-content\/uploads\/2022\/12\/Bachmann_Sagerei-300x228.jpg 300w, https:\/\/bachmannpascal.ch\/wp-content\/uploads\/2022\/12\/Bachmann_Sagerei-768x583.jpg 768w\" sizes=\"auto, (max-width: 1015px) 100vw, 1015px\" \/><\/a><\/figure>\n<\/div>\n\n\n<div style=\"height:25px\" aria-hidden=\"true\" class=\"wp-block-spacer\"><\/div>\n\n\n<div class=\"wp-block-image is-resized\">\n<figure class=\"aligncenter size-large\"><a href=\"www.swissshooting.ch\" target=\"_blank\" rel=\"noreferrer noopener\"><img loading=\"lazy\" decoding=\"async\" width=\"1014\" height=\"1024\" src=\"https:\/\/bachmannpascal.ch\/wp-content\/uploads\/2022\/10\/000____SSV-Logo_Original_transparent-1014x1024.png\" alt=\"\" class=\"wp-image-338\" style=\"aspect-ratio:0.9902558529352171;width:196px;height:auto\" srcset=\"https:\/\/bachmannpascal.ch\/wp-content\/uploads\/2022\/10\/000____SSV-Logo_Original_transparent-1014x1024.png 1014w, https:\/\/bachmannpascal.ch\/wp-content\/uploads\/2022\/10\/000____SSV-Logo_Original_transparent-297x300.png 297w, https:\/\/bachmannpascal.ch\/wp-content\/uploads\/2022\/10\/000____SSV-Logo_Original_transparent-150x150.png 150w, https:\/\/bachmannpascal.ch\/wp-content\/uploads\/2022\/10\/000____SSV-Logo_Original_transparent-768x776.png 768w, https:\/\/bachmannpascal.ch\/wp-content\/uploads\/2022\/10\/000____SSV-Logo_Original_transparent-1521x1536.png 1521w, https:\/\/bachmannpascal.ch\/wp-content\/uploads\/2022\/10\/000____SSV-Logo_Original_transparent-2028x2048.png 2028w, https:\/\/bachmannpascal.ch\/wp-content\/uploads\/2022\/10\/000____SSV-Logo_Original_transparent-1024x1034.png 1024w, https:\/\/bachmannpascal.ch\/wp-content\/uploads\/2022\/10\/000____SSV-Logo_Original_transparent-1069x1080.png 1069w\" sizes=\"auto, (max-width: 1014px) 100vw, 1014px\" \/><\/a><\/figure>\n<\/div>\n\n\n<div style=\"height:25px\" aria-hidden=\"true\" class=\"wp-block-spacer\"><\/div>\n\n\n<div class=\"wp-block-image is-resized\">\n<figure class=\"aligncenter size-full\"><img loading=\"lazy\" decoding=\"async\" width=\"357\" height=\"387\" src=\"https:\/\/bachmannpascal.ch\/wp-content\/uploads\/2023\/05\/Spitzensport_KLein.png\" alt=\"\" class=\"wp-image-520\" style=\"width:199px;height:auto\" srcset=\"https:\/\/bachmannpascal.ch\/wp-content\/uploads\/2023\/05\/Spitzensport_KLein.png 357w, https:\/\/bachmannpascal.ch\/wp-content\/uploads\/2023\/05\/Spitzensport_KLein-277x300.png 277w\" sizes=\"auto, (max-width: 357px) 100vw, 357px\" \/><\/figure>\n<\/div>\n\n\n<div style=\"height:25px\" aria-hidden=\"true\" class=\"wp-block-spacer\"><\/div>\n\n\n\n<h2 class=\"wp-block-heading has-text-align-center\">Material Partner:<\/h2>\n\n\n<div class=\"wp-block-image is-resized\">\n<figure class=\"aligncenter size-full\"><a href=\" www.bleiker.ch\" target=\"_blank\" rel=\"noreferrer noopener\"><img loading=\"lazy\" decoding=\"async\" width=\"730\" height=\"117\" src=\"https:\/\/bachmannpascal.ch\/wp-content\/uploads\/2022\/10\/Bleiker-1.png\" alt=\"\" class=\"wp-image-318\" style=\"width:290px;height:auto\" srcset=\"https:\/\/bachmannpascal.ch\/wp-content\/uploads\/2022\/10\/Bleiker-1.png 730w, https:\/\/bachmannpascal.ch\/wp-content\/uploads\/2022\/10\/Bleiker-1-300x48.png 300w\" sizes=\"auto, (max-width: 730px) 100vw, 730px\" \/><\/a><\/figure>\n<\/div>\n\n\n<div style=\"height:25px\" aria-hidden=\"true\" class=\"wp-block-spacer\"><\/div>\n\n\n<div class=\"wp-block-image is-resized\">\n<figure class=\"aligncenter size-full\"><a href=\"https:\/\/www.sgss-excellence.com\/\"><img loading=\"lazy\" decoding=\"async\" width=\"789\" height=\"255\" src=\"https:\/\/bachmannpascal.ch\/wp-content\/uploads\/2022\/11\/SGSSE-Logo_Schwarze-Schrift-1-edited.jpg\" alt=\"\" class=\"wp-image-440\" style=\"width:317px;height:auto\" srcset=\"https:\/\/bachmannpascal.ch\/wp-content\/uploads\/2022\/11\/SGSSE-Logo_Schwarze-Schrift-1-edited.jpg 789w, https:\/\/bachmannpascal.ch\/wp-content\/uploads\/2022\/11\/SGSSE-Logo_Schwarze-Schrift-1-edited-300x97.jpg 300w, https:\/\/bachmannpascal.ch\/wp-content\/uploads\/2022\/11\/SGSSE-Logo_Schwarze-Schrift-1-edited-768x248.jpg 768w\" sizes=\"auto, (max-width: 789px) 100vw, 789px\" \/><\/a><\/figure>\n<\/div>\n\n\n<div style=\"height:25px\" aria-hidden=\"true\" class=\"wp-block-spacer\"><\/div>\n\n\n<div class=\"wp-block-image is-resized\">\n<figure class=\"aligncenter size-full\"><a href=\"freesport.ch\" target=\"_blank\" rel=\"noreferrer noopener\"><img loading=\"lazy\" decoding=\"async\" width=\"400\" height=\"322\" src=\"https:\/\/bachmannpascal.ch\/wp-content\/uploads\/2022\/10\/Screenshot-2022-10-06-220033-1.png\" alt=\"\" class=\"wp-image-320\" style=\"width:266px;height:auto\" srcset=\"https:\/\/bachmannpascal.ch\/wp-content\/uploads\/2022\/10\/Screenshot-2022-10-06-220033-1.png 400w, https:\/\/bachmannpascal.ch\/wp-content\/uploads\/2022\/10\/Screenshot-2022-10-06-220033-1-300x242.png 300w\" sizes=\"auto, (max-width: 400px) 100vw, 400px\" \/><\/a><\/figure>\n<\/div>\n\n\n<div style=\"height:30px\" aria-hidden=\"true\" class=\"wp-block-spacer\"><\/div>\n\n\n\n<h2 class=\"wp-block-heading has-text-align-center\">G\u00f6nner &amp; Freunde:<\/h2>\n\n\n\n<p class=\"has-text-align-center\">Brigitte &amp; Hanspeter Koch, Pf\u00e4ffikon<br>G\u00f6tti Peter &amp; Iris Monn, Rickenbach-Sulz<br>Hanna &amp; Andy Hofer, Ehrikon<br>Treffpunkt10.ch &#8211; Simona Ferrini<\/p>\n","protected":false},"excerpt":{"rendered":"<p>Europameister-Sponsor: Schweizermeister-Sponsor: Sponsoren und Supporter: F\u00f6rderer: Material Partner: G\u00f6nner &amp; Freunde: Brigitte &amp; Hanspeter Koch, Pf\u00e4ffikonG\u00f6tti Peter &amp; Iris Monn, Rickenbach-SulzHanna &amp; Andy Hofer, EhrikonTreffpunkt10.ch &#8211; Simona Ferrini<\/p>\n","protected":false},"author":1,"featured_media":380,"parent":0,"menu_order":0,"comment_status":"closed","ping_status":"closed","template":"","meta":{"footnotes":""},"class_list":["post-44","page","type-page","status-publish","has-post-thumbnail","hentry"],"jetpack_sharing_enabled":true,"_links":{"self":[{"href":"https:\/\/bachmannpascal.ch\/index.php?rest_route=\/wp\/v2\/pages\/44","targetHints":{"allow":["GET"]}}],"collection":[{"href":"https:\/\/bachmannpascal.ch\/index.php?rest_route=\/wp\/v2\/pages"}],"about":[{"href":"https:\/\/bachmannpascal.ch\/index.php?rest_route=\/wp\/v2\/types\/page"}],"author":[{"embeddable":true,"href":"https:\/\/bachmannpascal.ch\/index.php?rest_route=\/wp\/v2\/users\/1"}],"replies":[{"embeddable":true,"href":"https:\/\/bachmannpascal.ch\/index.php?rest_route=%2Fwp%2Fv2%2Fcomments&post=44"}],"version-history":[{"count":61,"href":"https:\/\/bachmannpascal.ch\/index.php?rest_route=\/wp\/v2\/pages\/44\/revisions"}],"predecessor-version":[{"id":861,"href":"https:\/\/bachmannpascal.ch\/index.php?rest_route=\/wp\/v2\/pages\/44\/revisions\/861"}],"wp:featuredmedia":[{"embeddable":true,"href":"https:\/\/bachmannpascal.ch\/index.php?rest_route=\/wp\/v2\/media\/380"}],"wp:attachment":[{"href":"https:\/\/bachmannpascal.ch\/index.php?rest_route=%2Fwp%2Fv2%2Fmedia&parent=44"}],"curies":[{"name":"wp","href":"https:\/\/api.w.org\/{rel}","templated":true}]}}